 l(c) = 7*c**3 + 7*c**2 - 10*c - 5. Let s(u) = 13*l(u) - 6*v(u). Let b be s(4). Let m = -41 + b. Does 12 divide m?
True
Let s = -12 - -35. Is 4 a factor of s?
False
Let j(z) = -12*z. Let o be j(5). Let r = 102 + o. Is 14 a factor of r?
True
Let h(o) = -o**2 - 9*o + 1. Is h(-7) a multiple of 4?
False
Let h(m) = m**3 - 6*m**2 + 5*m + 3. Let v be h(5). Let g = v + -3. Suppose g*z + 3*z = 48. Does 8 divide z?
True
Let l(f) = -f**2 + 14*f - 10. Let c be l(13). Let p(w) = w**3 - 3*w**2 + 4*w - 2. Is p(c) a multiple of 4?
False
Let v be 2 - ((2 - 2) + -2). Let r = 6 - v. Suppose -s - r*s + 33 = 0. Is s a multiple of 4?
False
Suppose 5*l - 2020 = l. Suppose 0 = 4*h - l - 247. Suppose -5*s - 23 = -h. Is 11 a factor of s?
True
Let l(b) = b**2 - 8*b - 9. Let k be l(9). Let j be 1/3 - 250/(-6). Suppose 33 = v + o, k = -v - 3*o - 3 + j. Is 12 a factor of v?
False
Let m(u) be the second derivative of -u**5/20 - 5*u**4/12 - u**3/6 - 4*u. Is 5 a factor of m(-5)?
True
Suppose 0 = 13*j - 677 + 105. Is 2 a factor of j?
True
Let a = -9 - -11. Suppose -a*q + 27 = -37. Does 18 divide q?
False
Let g(z) = z**2 + 14*z + 17. Let a be g(-13). Suppose 0 = 3*n + 9, a*p - 5*n - 45 = -p. Is p a multiple of 3?
True
Suppose 12 = -4*l + l. Is 9 + 3 + 0/l a multiple of 7?
False
Suppose w - 2*h = 17, 3*h - 4 = -2*w + h. Let c = 3 - 6. Let a = w + c. Is 2 a factor of a?
True
Let f(s) = 125*s**2 + s. Let y be f(-1). Suppose -2*z + 6*z + y = 0. Let p = z + 51. Is 10 a factor of p?
True
Let p(i) = -84*i - 12. Is p(-3) a multiple of 30?
True
Suppose 0*d - 22 = -2*d. Is d a multiple of 3?
False
Is ((-12)/(-3))/((-4)/(-24)) a multiple of 24?
True
Let h = -22 - -22. Suppose 2*y - y = -4*v + 40, h = 3*y - 2*v - 162. Is y a multiple of 15?
False
Let m be (-3)/(3 - 6) - 665. Is 17 a factor of m/(-12) + 4/6?
False
Suppose -23*m + 15*m + 80 = 0. Is m a multiple of 9?
False
Suppose -4*n - 7 = 121. Let z be -12 - (2 + -2)/(-1). Does 11 divide ((-33)/(-4))/(z/n)?
True
Let n(f) = f**3 + f. Let x be n(1). Let q = x + 12. Does 7 divide q?
True
Let o(d) = -d**3 - 5*d**2 - d + 7. Is 4 a factor of o(-5)?
True
Suppose -3*o = -15, 0*a + 3*o + 1110 = 5*a. Is a a multiple of 17?
False
Let z = 2 + 0. Suppose 0 = i + 5*m - 2, 1 + 7 = 4*i + 5*m. Suppose -i = -z*u - 0, -u + 22 = l. Is 8 a factor of l?
False
Let c be (1 + 0)/((-5)/(-55)). Let v = -7 + c. Suppose 19 = v*y - 53. Is y a multiple of 10?
False
Suppose 2*j - 17 + 5 = 0. Is 3 a factor of j?
True
Let c(a) = 17*a - 4. Is c(5) a multiple of 27?
True
Suppose p + p + 2*g - 44 = 0, -g - 4 = 0. Is p a multiple of 26?
True
Does 4 divide 3/(-1) - (-15 - 6)?
False
Let j be -2 - 7/(21/(-18)). Let o = 45 + j. Is 17 a factor of o?
False
Suppose -195 = -3*d - g, -296 + 107 = -3*d + g. Does 13 divide d?
False
Let u(k) = 0*k**2 + 10*k + 2 - k**2 + 1. Let z be u(7). Let y = z - 2. Is 11 a factor of y?
True
Let h(j) = -j**3 - 8*j**2 - 6*j - 5. Let b(w) = -w**3 - 7*w**2 - 5*w - 4. Let x(t) = 7*b(t) - 6*h(t). Let p be x(0). Suppose 2*i + p = 26. Is 12 a factor of i?
True
Is 14 a factor of ((-1)/(-3))/(7/294)?
True
Let o = 18 + -29. Let z = 29 + o. Is 9 a factor of z?
True
Let i(s) = -s**3 - 9*s**2 - 7*s + 19. Is 19 a factor of i(-10)?
False
Suppose 265 + 64 = 3*p - 2*c, 0 = c - 2. Is 9 a factor of p?
False
Let f be 6*(-1 + 1/3). Let z = 4 + f. Suppose -p = -0*c + c - 9, 3*c + 6 = z. Is p a multiple of 4?
False
Suppose -c + 10 = -4*i, 2*c - 8 = 2*i - 0*i. Let r be (1 - (-15)/(-2))*-2. Is r + 0 + c + -3 a multiple of 6?
True
Let m(q) be the first derivative of -q**3/3 + 7*q**2/2 + 3*q + 2. Let x be m(6). Let a = x + 2. Does 4 divide a?
False
Let k be -10*(-1 - -3) - -2. Let z = k + 10. Is 73/2 - (-4)/z a multiple of 9?
True
Suppose -6*l + 2*l + 268 = 0. Does 16 divide l?
False
Let h be (44/(-2))/(3 + -4). Suppose 0 = 4*c - 0*c - 32. Let w = h - c. Is 7 a factor of w?
True
Let q(c) = -3*c - 3. Let v be q(-1). Let l be (-3)/(-4) - 2/(-8). Is 15 a factor of 32 - (v/3 - l)?
False
Suppose 2*s - 8 = 4*s. Let v = s + 25. Does 7 divide v?
True
Let y(d) = d**2 + d - 30. Does 9 divide y(7)?
False
Suppose 0 = -3*f - 3*t + 132, 2*f - 2*t - 112 = -f. Does 20 divide f?
True
Is 10 a factor of (-112)/70*25/(-2)?
True
Suppose d - 2 = 0, -2*s - 3*d + 2*d = -6. Is (-15)/(5/3 - s) a multiple of 15?
True
Does 24 divide 121 + (-3 + 4 - 2)?
True
Let c(b) = -b**2 - 8*b + 13. Let h be c(-9). Suppose -31 = -h*d + 45. Is 5 a factor of d?
False
Let k = 5 + 8. Is 5 a factor of k?
False
Suppose -v + 6 - 3 = 0. Suppose -v*r = r - 64. Is r a multiple of 8?
True
Let u(s) = s**2 + 3. Let f be u(0). Let w(h) = 2*h + 2. Does 3 divide w(f)?
False
Let h be (-14)/(-21)*(-18)/(-4). Does 3 divide -1*h/(-2)*2?
True
Suppose 5*b - 15*b = -1060. Does 15 divide b?
False
Let h = 4 + -2. Suppose -5*a - 85 = -4*j, 7*j - 35 = 4*j - h*a. Is 12 a factor of j?
False
Let s(m) = -6*m**3 + 4*m**2 - 25*m - 14. Let r(u) = u**3 - u**2 + 5*u + 3. Let o(i) = 11*r(i) + 2*s(i). Is o(-5) a multiple of 12?
False
Suppose b - 3 = -0. Is 15 a factor of (-109)/(-4) - b/12?
False
Suppose -3*q = 5*j - 49, -5*q - 4*j - j = -85. Is q a multiple of 18?
True
Suppose -2*j - 649 = 199. Let o = j - -625. Suppose -4*h = -5*n - o, -2*h + 250 = 3*h - 5*n. Is 16 a factor of h?
False
Let i = -140 + 325. Does 26 divide i?
False
Let t = -177 + 330. Is t a multiple of 31?
False
Let x(t) be the third derivative of t**5/60 - t**4/4 + 2*t**3 + 7*t**2. Is 3 a factor of x(5)?
False
Let q(w) = -w**2 + 13*w - 10. Is q(8) a multiple of 9?
False
Suppose 5*d = -3*n - 0*d + 73, 2*d - 76 = -3*n. Is n a multiple of 5?
False
Suppose 2*f - 1188 = -4*d - 0*f, -5*d = 3*f - 1485. Suppose -2*c + 73 = d. Let s = -77 - c. Is 12 a factor of s?
False
Let d be 0/(-2 - -5) - 2. Let b be (-1)/((6/(-93))/d). Let r = 45 + b. Is 13 a factor of r?
False
Let j(v) = 5*v**2 + v - 2. Is j(-2) a multiple of 4?
True
Let c(m) = -13*m - 4. Suppose 2*d = -d + 12. Suppose 6*q + 10 = q, -14 = d*f + q. Does 16 divide c(f)?
False
Let t(p) = -p**2 + 2*p - 2. Let a be t(-6). Let c = -29 - a. Is 7 a factor of c?
True
Suppose 11*k - 95 = 6*k. Is 19 a factor of k?
True
Suppose 6*u - 2*u = 20. Does 3 divide u?
False
Suppose -2*j - 120 = 3*j. Suppose 20*v - 15*v - 225 = 0. Let p = j + v. Is p a multiple of 6?
False
Let h = -12 - -18. Suppose 140 = h*t - t. Does 10 divide t?
False
Let n(b) = -b**3 - 4*b**2 - 3*b + 2. Is n(-6) a multiple of 24?
False
Does 21 divide (31/(-3))/((-2)/12)?
False
Is 11 a factor of (-220)/2*(-6)/12?
True
Suppose -4*r + 4 = 4*k, 2*k + 8 = 5*k - 2*r. Suppose -z + k*z - 77 = 0. Is z a multiple of 11?
True
Suppose -427 = -2*c - u, 0 = -c + 3*u + 59 + 165. Is c a multiple of 43?
True
Let m(h) = 76*h**2 - h - 2. Let t be m(2). Suppose -2*o + 6*o - t = 0. Is 25 a factor of o?
True
Let m be 236 + (0 - 3)*-1. Suppose 403 = 5*h + j - 0*j, -2*j + m = 3*h. Does 20 divide 3222/h + 4/18?
True
Let w be (3/2 + 1)*2. Suppose -20 = -5*q + t, 4*q - 7 + 20 = -w*t. Suppose q*p = 6, -6*a + 80 = -a + 5*p. Is 14 a factor of a?
True
Let x = 145 + -71. Does 12 divide x?
False
Suppose -r + p = -6, -2*p + 0*p = r. Is (r + -2 + -5)*-8 a multiple of 12?
True
Suppose -9 = -h - 2. Is 12/(-42) + 170/h a multiple of 19?
False
Does 12 divide 41 + (-4 - 0)*-1?
False
Let c(d) = -3*d + 75. Is c(11) a multiple of 13?
False
Let n = 13 + -19. Let c be 2/n + 12/9. Is ((-16)/5)/(c/(-5)) a multiple of 5?
False
Suppose -4*z + 108 - 32 = 0. Does 19 divide z?
True
Suppose -z + 3 + 1 = 0. Suppose 21 = 2*u + 3*v, 3*u + 0*v = -z*v + 32. Does 4 divide u?
True
Suppose -5*p + 111 = -3*s, 0*s + 69 = 3*p - s. Is 11 a factor of (p/15)/(6/135)?
False
Let y(p) = -p + 2. Let o(j) = 4*j - 6. Let q(w) = -6*o(w) - 21*y(w). Does 4 divide q(-6)?
True
Suppose 2*z - 2*b - 2*b = 22, -5*z - 4*b = 1. Let w(g) = -z*g + 9 + 11 + 4*g. Does 11 divide w(-9)?
True
Let i = 38 - 23. Suppose -2*g + 7 = -13. Is 501/i + (-4)/g a multiple of 11?
True
Let c(w) = -2*w + 0*w + 3*w - 2 + 8*w**2. Let j be c(-3). Suppose -38 = -3*z + j. Does 16 divide z?
False
Let j(h) = h**2 - 15*h - 1. Is j(16) a multiple of 9?
False
Suppose 3*j = -z + 16, 5*j + 64 = 4*z - 0*z. Suppose -z = -0*v - v. Is 6 a factor of v?
False
Suppose 3*s + 28 = 4*o + 180, 182 = 4*s + 5*o. Is s a multiple of 24?
True
Suppose -6*k = k - 497. Is k a multiple of 30?
False
Let v(q) = 9*q**2 - 2*